visor of 72 and 9159417.
9
Calculate the greatest common divisor of 5833 and 576239.
307
What is the highest common divisor of 10335 and 88251360?
795
Calculate the highest common divisor of 9 and 5901507.
9
What is the greatest common divisor of 1195112 and 992?
248
Calculate the greatest common factor of 18289017 and 18.
9
What is the highest common divisor of 4244 and 19026913?
1061
What is the greatest common factor of 9644450 and 75?
25
Calculate the greatest common factor of 2211 and 4140399.
201
Calculate the greatest common factor of 128289 and 5303208.
447
What is the highest common divisor of 52509 and 453307?
23
What is the greatest common divisor of 575790 and 10455?
255
What is the greatest common factor of 6454132 and 148?
148
What is the greatest common factor of 28244736 and 1248?
1248
Calculate the greatest common factor of 339 and 36426567.
339
Calculate the greatest common factor of 16120916 and 56.
28
Calculate the highest common divisor of 311474618 and 364.
182
Calculate the greatest common factor of 4503800 and 177800.
1400
What is the greatest common factor of 311096498 and 354?
118
Calculate the greatest common divisor of 6418836 and 432.
36
Calculate the highest common factor of 80 and 112576.
16
Calculate the highest common divisor of 305 and 38857.
61
What is the highest common divisor of 96 and 33262674?
6
Calculate the highest common factor of 303 and 11647118.
101
What is the highest common divisor of 2363904 and 1103976?
4104
What is the highest common factor of 6416 and 3622634?
802
Calculate the greatest common factor of 78 and 2656890.
6
Calculate the highest common factor of 16686 and 350424540.
1854
What is the greatest common divisor of 200 and 3618660?
20
What is the highest common factor of 8855880 and 2640?
1320
What is the highest common divisor of 48 and 70113408?
48
Calculate the highest common factor of 579165 and 663.
3
What is the greatest common factor of 994860 and 23620?
20
What is the greatest common factor of 13585 and 2931643?
2717
What is the greatest common factor of 3535 and 479851?
101
Calculate the greatest common factor of 2412 and 20700.
36
What is the greatest common divisor of 117 and 2312082?
9
What is the greatest common factor of 97064 and 2372?
4
Calculate the highest common divisor of 83547 and 2826.
9
Calculate the highest common divisor of 371 and 622307.
7
Calculate the greatest common factor of 592 and 80375248.
592
What is the highest common factor of 6 and 5346321?
3
Calculate the highest common factor of 148048 and 12464.
304
What is the highest common factor of 4410 and 3792306?
294
What is the highest common factor of 34525839 and 254?
127
What is the greatest common factor of 3133 and 1062569?
241
Calculate the greatest common factor of 478784087 and 766.
383
Calculate the highest common factor of 15008076 and 1082592.
6444
What is the highest common divisor of 77 and 3913888?
11
What is the greatest common divisor of 71139203 and 279?
31
Calculate the highest common factor of 17524 and 351.
13
What is the greatest common factor of 65513 and 2317021?
1337
What is the greatest common factor of 11562 and 5986?
82
Calculate the greatest common factor of 198683082 and 8154.
2718
Calculate the greatest common divisor of 384 and 1586156288.
128
Calculate the greatest common factor of 106965255 and 420.
15
What is the greatest common divisor of 1107181 and 35939?
433
What is the highest common divisor of 65 and 97591975?
65
What is the highest common factor of 154887 and 1086861?
51
Calculate the highest common divisor of 8628 and 136611438.
4314
Calculate the highest common divisor of 45572 and 1492.
4
What is the highest common divisor of 357398 and 9960?
166
Calculate the highest common divisor of 102 and 58728.
6
What is the greatest common factor of 48 and 395750988?
12
What is the highest common divisor of 64 and 2697117888?
64
What is the greatest common divisor of 8708341 and 12897?
1433
What is the highest common factor of 1035 and 70891635?
345
What is the highest common divisor of 38656 and 66816?
256
Calculate the highest common factor of 1647495520 and 506.
506
What is the highest common factor of 284 and 61958718?
142
What is the greatest common divisor of 42848151 and 12?
3
Calculate the highest common factor of 185 and 1188923035.
185
Calculate the highest common factor of 72409248 and 516.
516
Calculate the highest common factor of 68884 and 18615.
17
Calculate the greatest common divisor of 730 and 423610.
10
Calculate the highest common factor of 100155 and 39270.
165
What is the greatest common factor of 2613938 and 121270?
134
Calculate the highest common factor of 459 and 7904493.
27
What is the highest common factor of 34356 and 5564916?
84
What is the greatest common factor of 4401 and 155750412?
489
Calculate the greatest common factor of 2654500 and 600.
100
What is the greatest common factor of 35 and 145810931?
7
What is the highest common factor of 1219209 and 9?
3
Calculate the greatest common factor of 286 and 1723788.
22
What is the highest common divisor of 9016 and 185449?
23
Calculate the greatest common divisor of 12383 and 7469938.
427
Calculate the greatest common factor of 434 and 1096811.
31
Calculate the highest common factor of 1012 and 535436803.
253
What is the greatest common factor of 498417976 and 861?
287
What is the highest common factor of 24525 and 3793050?
225
What is the highest common factor of 50414705 and 860?
215
What is the highest common factor of 13398924 and 4386?
102
What is the greatest common factor of 3077670 and 6045?
15
What is the highest common divisor of 27 and 1036674?
9
Calculate the greatest common factor of 1047123 and 343497.
231
Calculate the greatest common divisor of 4876327 and 215204.
4891
Calculate the highest common divisor of 266474 and 239882.
554
What is the greatest common factor of 600380 and 11?
11
Calculate the greatest common factor of 1778 and 24368379.
889
What is the highest common divisor of 14557246 and 87?
29
What is the greatest common factor of 83 and 90719?
83
What is the highest common factor of 2076015829 and 1387?
1387
What is the highest common factor of 305099 and 6726152?
2329
What is the highest common factor of 68615640 and 1140?
60
What is the highest common factor of 7192 and 1695224?
232
What is the greatest common factor of 1269 and 44071317?
27
Calculate the highest common factor of 8207867 and 5339.
19
What is the highest common factor of 9380944 and 512?
16
Calculate the greatest common divisor of 312 and 14840436.
156
Calculate the greatest common factor of 121533252 and 12.
12
What is the highest common factor of 1134920 and 1105?
85
Calculate the highest common factor of 41695 and 60605.
155
What is the greatest common divisor of 6496 and 492275?
203
Calculate the greatest common divisor of 280 and 27479560.
40
Calculate the highest common divisor of 950 and 36025672.
38
Calculate the greatest common divisor of 513 and 4985049.
57
What is the highest common factor of 44 and 21194162?
22
Calculate the highest common divisor of 15881950 and 1050.
350
What is the highest common divisor of 140010 and 2535?
195
Calculate the greatest common divisor of 13970 and 5339080.
1270
Calculate the highest common factor of 71907966 and 108.
54
What is the highest common factor of 36225 and 114555?
105
What is the greatest common factor of 2100717 and 207?
9
What is the greatest common divisor of 4368 and 137599098?
546
What is the highest common divisor of 19590465 and 656399?
6767
What is the greatest common factor of 8 and 9469894?
2
Calculate the highest common divisor of 220 and 159007112.
44
Calculate the greatest common divisor of 232883 and 3384683.
1751
What is the greatest common divisor of 3867200 and 46400?
1600
Calculate the greatest common factor of 2686456 and 3.
1
Calculate the greatest common factor of 36230243 and 21.
7
Calculate the greatest common factor of 111125 and 20125.
875
What is the greatest common factor of 612 and 126411966?
306
Calculate the highest common factor of 101720033 and 7587.
281
What is the greatest common factor of 18 and 48055851?
9
Calculate the highest common divisor of 24509957 and 172.
43
Calculate the highest common diviso